
{"id":556,"date":"2022-02-07T12:01:06","date_gmt":"2022-02-07T12:01:06","guid":{"rendered":"http:\/\/desvin.coteam.de\/?post_type=product&#038;p=556"},"modified":"2026-03-05T10:32:02","modified_gmt":"2026-03-05T10:32:02","slug":"ipc-designvinyl-pwk05-dekor-gent-zum-klicken","status":"publish","type":"product","link":"https:\/\/designvinylboden.de\/index.php\/produkt\/ipc-designvinyl-pwk05-dekor-gent-zum-klicken\/","title":{"rendered":"IPC DesignVinyl PWK05 Dekor Gent zum Klicken"},"content":{"rendered":"<p><strong>IPC DesignVinyl PreisWertKlasse05 Dekor Gent <\/strong><strong>zum Klicken<\/strong><br \/>\n&#8211; <span style=\"color: #800000;\">der gesunde Bodenbelag in der Designboden Szene mit Premium T\u00dcV Siegel<\/span> &#8211;<\/p>\n<p><strong><br \/>\nHochwertiger Holzoptik DesignVinylboden zum kleinen Preis von IPC<br \/>\n<\/strong><span style=\"color: #000000;\">Farbe : Dekor Gent \/ PreisWertKlasse\u00a0 05<br \/>\n<\/span><span style=\"color: #000000;\">Ma\u00dfangaben Planken 181 x 1180 mm, St\u00e4rke 4,5 mm<br \/>\nNutzschicht 0,55 mm + 2 Mal Antiscratch und UV Lackierung<br \/>\nVerlegeart : zur schwimmenden Verlegung \/ KlickVinyl<br \/>\nVPE : 2.136 m\u00b2<\/span><\/p>\n<p>&nbsp;<\/p>\n<p>&nbsp;<\/p>\n<ul>\n<li>Gesamtst\u00e4rke in mm : Klick\u00a04,5 mm<\/li>\n<li>Microfase : Ja<\/li>\n<li>Wohngesund : Phtalafrei und mit T\u00dcV Siegel ausgezeichnet<\/li>\n<li>Zusammensetzung ist 100% neues CV Material und kein Recyclingmaterial<\/li>\n<li>Klasse Wohnbereich : EN 10874 \/ 23<\/li>\n<li>Klasse Gewerbe : EN10874 \/ 33<\/li>\n<li>Brandverhalten nach Bf-s1<\/li>\n<li>Stuhlrollen Eignung nach EN 425 \u2013 Typ W<\/li>\n<li>Fu\u00dfbodenheizung geeignet<\/li>\n<li>Feuchtraum geeignet<\/li>\n<\/ul>\n<p>&nbsp;<\/p>\n<p>Verf\u00fcgbares Zubeh\u00f6r :<\/p>\n<ul>\n<li>wei\u00dfe Sockelleiste 14 x 58 x 2400 mm HDF<\/li>\n<li>farblich passende Sockelleiste 14 x 58 x 2400 mm HDF<\/li>\n<li>diverse Unterlagen<\/li>\n<li>Spachtel- Ausgleichmasse<\/li>\n<li>Kleber f\u00fcr Designbodenbelag<\/li>\n<li>Grundierung<\/li>\n<li>weiteres auf Anfrage<\/li>\n<\/ul>\n<p>&nbsp;<\/p>\n<p>In dieser Preisklasse die beste Optik und Haptik die wir unter 15.000 Produkten verkaufen<br \/>\n(ihr Dekor nicht dabei? Alle Produkte aus der Preiswertklasse 0.3 haben 1 zu 1 die selben Eigenschaften)<\/p>\n<p>&nbsp;<\/p>\n<p>Wir verkaufen IPC DesignVinyl Bodenbel\u00e4ge seit Jahren erfolgreiche ohne Reklamationen.<br \/>\nDie meisten Dekore bei IPC sind Wohnen, Gewerbe und Industrietauglich (siehe Beschreibung der Dekore), und dank der 2 fachen UV und Antiscratch Beschichtung sehr robust und langlebig. Wenn Sie Fragen zu diesem Produkt haben, kontaktieren Sie uns sehr gerne per Mail oder Telefon. Alle Muster gibt es auch in 29389 Bad Bodenteich im kleinen Ausstellungsraum als gro\u00dfe Muster zum anfassen und testen.<\/p>\n<p><span style=\"color: #ff0000;\"><strong>Aktuelle Aktion bei diesem Bodenbelag zum aktuellen Preis hier im Shop :\u00a0<\/strong><\/span><br \/>\n<span style=\"color: #ff0000;\">ab 35 m\u00b2 zu dem hier gelisteten Preis, inklusive der oben stehenden wei\u00dfen Sockelleiste.\u00a0<\/span><br \/>\n<span style=\"color: #ff0000;\">(je m\u00b2 gibt es 1 lfM Sockelleiste dazu)<\/span><\/p>\n<p>Produktheft zu diesem Bodenbelag mit weiteren Informationen &#8211; <a href=\"https:\/\/www.yumpu.com\/de\/embed\/view\/vqDup1krmVcjJwXb\" target=\"_blank\" rel=\"noopener\">hier klicken<\/a> &#8211;<\/p>\n<p>&nbsp;<\/p>\n<p>IPC Designvinylb\u00f6den sind mit authentisch harmonisch wirkenden Oberfl\u00e4chen und in vielen gut durchdachten Dekoren verf\u00fcgbar. Die DesignVinyl Bodenbel\u00e4ge von IPC sind alle mit einem T\u00dcV Premium Zertifikat f\u00fcr gesundes Wohnen ausgezeichnet. Alle IPC Bodenbel\u00e4ge (auch schon ab 0.3er Nutzschicht) sind dank einer 2 fachen UV und Antiscratch Versieglung extrem kratzbest\u00e4ndig. Wenn Sie also nicht die Haptik und Optik eines IPC Vinylbodenbelages \u00fcberzeugt, dann auf jeden Fall die im Vergleich zu anderen Bodenbel\u00e4gen in dieser Preisklasse hohe Nutzschicht und Best\u00e4ndigkeit. Verbleichen und Verkratzen sind Dank der 2 fachen UV und Antiscratchbeschichtung, statt einer \u00fcblichen PU Versieglung, bei IPC Vinylb\u00f6den viel l\u00e4ngere kein Thema mehr.<\/p>\n<p>&nbsp;<\/p>\n<p>Bildmaterial (c) by <a href=\"https:\/\/www.fashion-wohntrend.de\/Design411-Design-411-Achat2-Achat-Steinoptik-Betonoptik-Textiloptik-Klich-klicken-geklickt-schwimmend-IPC-Designboden-Vinylboden-PVC-Vinyl-Designvinyl-Uelzen-Wittingen-Bodenteich.html\" target=\"_blank\" rel=\"noopener\">Fashion-WohnTrend<\/a> und <a href=\"https:\/\/www.ipc-v.de\/designplanken\/\" target=\"_blank\" rel=\"noopener\">IPC Parkett und Design<\/a><\/p>\n<p>&nbsp;<\/p>\n","protected":false},"excerpt":{"rendered":"<p><strong>IPC DesignVinyl Bodenbelag<\/strong><br \/>\n<span style=\"color: #000000;\">Farbe : Dekor Gent \/ PreisWertKlasse\u00a0 05<br \/>\n<\/span><span style=\"color: #000000;\">Ma\u00dfangaben Planken 181 x 1180 mm, St\u00e4rke 4,5 mm<br \/>\nNutzschicht 0,55 mm + 2 Mal Antiscratch und UV Lackierung<br \/>\nVerlegeart : zur schwimmenden Verlegung \/ KlickVinyl<br \/>\nVPE : 2.136 m\u00b2<br \/>\n<\/span><\/p>\n<p><span style=\"color: #ff0000;\">Dank deutschen Parketthersteller, extrem gute Optik und Haptik.<br \/>\n<\/span><span style=\"color: #ff0000;\">Und dank 2-facher UV und Antiscratch Beschichtung langlebiger als alle anderen Vinylb\u00f6den in der gleichen Preisklasse\u00a0<\/span><\/p>\n","protected":false},"featured_media":543,"comment_status":"open","ping_status":"closed","template":"","meta":{"neve_meta_sidebar":"","neve_meta_container":"","neve_meta_enable_content_width":"off","neve_meta_content_width":100,"neve_meta_title_alignment":"","neve_meta_author_avatar":"","neve_post_elements_order":"","neve_meta_disable_header":"","neve_meta_disable_footer":"","neve_meta_disable_title":"","_joinchat":[]},"product_brand":[],"product_cat":[137],"product_tag":[144,141,124,123,120,118,117,116,56,55,54,36,35,34,33,32,31,30],"class_list":{"0":"post-556","1":"product","2":"type-product","3":"status-publish","4":"has-post-thumbnail","6":"product_cat-ipc-preiswerklasse-05","7":"product_tag-klick-designvinyl","8":"product_tag-dekor-gent","9":"product_tag-pwk","10":"product_tag-preiswertklasse","11":"product_tag-unterlage","12":"product_tag-klicken","13":"product_tag-klick-laminat","14":"product_tag-klickvinyl","15":"product_tag-vinylboden-mit-tuev-siegel","16":"product_tag-wohngesunder-designboden","17":"product_tag-wohngesunder-vinylboden","18":"product_tag-ipc-beratung","19":"product_tag-ipc-fachhaendler","20":"product_tag-klick-designboden","21":"product_tag-klick-vinylboden","22":"product_tag-ipc-designvinyl-bodenbelag","23":"product_tag-ipc-designvinyl","24":"product_tag-ipc","26":"first","27":"instock","28":"sale","29":"taxable","30":"shipping-taxable","31":"purchasable","32":"product-type-simple"},"tiered_pricing_type":"fixed","tiered_pricing_fixed_rules":[],"tiered_pricing_product_settings":{"layout":"default","base_unit_name":{"singular":null,"plural":null},"default_variation":null},"tiered_pricing_minimum_quantity":null,"tiered_pricing_roles_data":[],"tiered_pricing_percentage_rules":[],"_links":{"self":[{"href":"https:\/\/designvinylboden.de\/index.php\/wp-json\/wp\/v2\/product\/556","targetHints":{"allow":["GET"]}}],"collection":[{"href":"https:\/\/designvinylboden.de\/index.php\/wp-json\/wp\/v2\/product"}],"about":[{"href":"https:\/\/designvinylboden.de\/index.php\/wp-json\/wp\/v2\/types\/product"}],"replies":[{"embeddable":true,"href":"https:\/\/designvinylboden.de\/index.php\/wp-json\/wp\/v2\/comments?post=556"}],"wp:featuredmedia":[{"embeddable":true,"href":"https:\/\/designvinylboden.de\/index.php\/wp-json\/wp\/v2\/media\/543"}],"wp:attachment":[{"href":"https:\/\/designvinylboden.de\/index.php\/wp-json\/wp\/v2\/media?parent=556"}],"wp:term":[{"taxonomy":"product_brand","embeddable":true,"href":"https:\/\/designvinylboden.de\/index.php\/wp-json\/wp\/v2\/product_brand?post=556"},{"taxonomy":"product_cat","embeddable":true,"href":"https:\/\/designvinylboden.de\/index.php\/wp-json\/wp\/v2\/product_cat?post=556"},{"taxonomy":"product_tag","embeddable":true,"href":"https:\/\/designvinylboden.de\/index.php\/wp-json\/wp\/v2\/product_tag?post=556"}],"curies":[{"name":"wp","href":"https:\/\/api.w.org\/{rel}","templated":true}]}}